{"id":838,"date":"2023-03-29T04:29:23","date_gmt":"2023-03-29T04:29:23","guid":{"rendered":"http:\/\/verosilva.com\/?page_id=838"},"modified":"2023-05-27T16:49:13","modified_gmt":"2023-05-27T16:49:13","slug":"areas-de-expertise","status":"publish","type":"page","link":"https:\/\/verosilva.com\/?page_id=838","title":{"rendered":"Areas de expertise"},"content":{"rendered":"\t\t<div data-elementor-type=\"wp-page\" data-elementor-id=\"838\" class=\"elementor elementor-838\">\n\t\t\t\t\t\t<div class=\"elementor-section elementor-top-section elementor-element elementor-element-7ae5a24 elementor-section-boxed elementor-section-height-default elementor-section-height-default\" data-id=\"7ae5a24\" data-element_type=\"section\" data-e-type=\"section\">\n\t\t\t\t\t\t<div class=\"elementor-container elementor-column-gap-no\">\n\t\t\t\t\t<div class=\"elementor-column elementor-col-100 elementor-top-column elementor-element elementor-element-9142750\" data-id=\"9142750\" data-element_type=\"column\" data-e-type=\"column\">\n\t\t\t<div class=\"elementor-widget-wrap elementor-element-populated\">\n\t\t\t\t\t\t<div class=\"elementor-element elementor-element-8aa2f44 elementor-widget elementor-widget-image\" data-id=\"8aa2f44\" data-element_type=\"widget\" data-e-type=\"widget\" data-widget_type=\"image.default\">\n\t\t\t\t<div class=\"elementor-widget-container\">\n\t\t\t\t\t\t\t\t\t\t\t\t\t\t\t<img fetchpriority=\"high\" decoding=\"async\" width=\"385\" height=\"385\" src=\"https:\/\/verosilva.com\/wp-content\/uploads\/2023\/03\/verosapiens__a_team_led_by_a_woman_working_together_to_find_a_s_2de6bc03-7be2-48ef-ae3a-26e62abfafdd.png\" class=\"attachment-uicore-medium size-uicore-medium wp-image-889\" alt=\"\" srcset=\"https:\/\/verosilva.com\/wp-content\/uploads\/2023\/03\/verosapiens__a_team_led_by_a_woman_working_together_to_find_a_s_2de6bc03-7be2-48ef-ae3a-26e62abfafdd.png 385w, https:\/\/verosilva.com\/wp-content\/uploads\/2023\/03\/verosapiens__a_team_led_by_a_woman_working_together_to_find_a_s_2de6bc03-7be2-48ef-ae3a-26e62abfafdd-300x300.png 300w, https:\/\/verosilva.com\/wp-content\/uploads\/2023\/03\/verosapiens__a_team_led_by_a_woman_working_together_to_find_a_s_2de6bc03-7be2-48ef-ae3a-26e62abfafdd-150x150.png 150w\" sizes=\"(max-width: 385px) 100vw, 385px\" \/>\t\t\t\t\t\t\t\t\t\t\t\t\t\t\t<\/div>\n\t\t\t\t<\/div>\n\t\t\t\t\t<\/div>\n\t\t<\/div>\n\t\t\t\t\t<\/div>\n\t\t<\/div>\n\t\t\t\t<section class=\"elementor-section elementor-top-section elementor-element elementor-element-109f809 elementor-section-boxed elementor-section-height-default elementor-section-height-default elementor-invisible\" data-id=\"109f809\" data-element_type=\"section\" data-e-type=\"section\" data-settings=\"{&quot;animation&quot;:&quot;fadeInRight&quot;}\">\n\t\t\t\t\t\t<div class=\"elementor-container elementor-column-gap-default\">\n\t\t\t\t\t<div class=\"elementor-column elementor-col-100 elementor-top-column elementor-element elementor-element-5b76a7f\" data-id=\"5b76a7f\" data-element_type=\"column\" data-e-type=\"column\">\n\t\t\t<div class=\"elementor-widget-wrap elementor-element-populated\">\n\t\t\t\t\t\t<div class=\"elementor-element elementor-element-2e3e62f elementor-widget elementor-widget-spacer\" data-id=\"2e3e62f\" data-element_type=\"widget\" data-e-type=\"widget\" data-widget_type=\"spacer.default\">\n\t\t\t\t<div class=\"elementor-widget-container\">\n\t\t\t\t\t\t\t<div class=\"elementor-spacer\">\n\t\t\t<div class=\"elementor-spacer-inner\"><\/div>\n\t\t<\/div>\n\t\t\t\t\t\t<\/div>\n\t\t\t\t<\/div>\n\t\t\t\t<div class=\"elementor-element elementor-element-5707e67 elementor-widget__width-initial elementor-widget elementor-widget-text-editor\" data-id=\"5707e67\" data-element_type=\"widget\" data-e-type=\"widget\" data-widget_type=\"text-editor.default\">\n\t\t\t\t<div class=\"elementor-widget-container\">\n\t\t\t\t\t\t\t\t\t<h2 class=\"p1\"><span class=\"s1\">\u00c1reas de expertise<\/span><\/h2>\t\t\t\t\t\t\t\t<\/div>\n\t\t\t\t<\/div>\n\t\t\t\t<div class=\"elementor-element elementor-element-ca71882 elementor-widget elementor-widget-spacer\" data-id=\"ca71882\" data-element_type=\"widget\" data-e-type=\"widget\" data-widget_type=\"spacer.default\">\n\t\t\t\t<div class=\"elementor-widget-container\">\n\t\t\t\t\t\t\t<div class=\"elementor-spacer\">\n\t\t\t<div class=\"elementor-spacer-inner\"><\/div>\n\t\t<\/div>\n\t\t\t\t\t\t<\/div>\n\t\t\t\t<\/div>\n\t\t\t\t\t<\/div>\n\t\t<\/div>\n\t\t\t\t\t<\/div>\n\t\t<\/section>\n\t\t\t\t<section class=\"elementor-section elementor-top-section elementor-element elementor-element-5c15365 elementor-section-boxed elementor-section-height-default elementor-section-height-default elementor-invisible\" data-id=\"5c15365\" data-element_type=\"section\" data-e-type=\"section\" data-settings=\"{&quot;animation&quot;:&quot;fadeInRight&quot;}\">\n\t\t\t\t\t\t<div class=\"elementor-container elementor-column-gap-default\">\n\t\t\t\t\t<div class=\"elementor-column elementor-col-100 elementor-top-column elementor-element elementor-element-9a882a3\" data-id=\"9a882a3\" data-element_type=\"column\" data-e-type=\"column\">\n\t\t\t<div class=\"elementor-widget-wrap elementor-element-populated\">\n\t\t\t\t\t\t<div class=\"elementor-element elementor-element-62460c9 elementor-widget__width-initial elementor-widget elementor-widget-text-editor\" data-id=\"62460c9\" data-element_type=\"widget\" data-e-type=\"widget\" data-widget_type=\"text-editor.default\">\n\t\t\t\t<div class=\"elementor-widget-container\">\n\t\t\t\t\t\t\t\t\t<p>En mi camino como emprendedora enfrent\u00e9 distintos tipos de desaf\u00edos que me impulsaron a desarrollar distintas habilidades. Y tambi\u00e9n, un tipo de mindset que siento propio: la resoluci\u00f3n creativa de problemas y el desarrollo de estrategias de crecimiento.<\/p>\t\t\t\t\t\t\t\t<\/div>\n\t\t\t\t<\/div>\n\t\t\t\t<div class=\"elementor-element elementor-element-a1334a1 elementor-widget elementor-widget-spacer\" data-id=\"a1334a1\" data-element_type=\"widget\" data-e-type=\"widget\" data-widget_type=\"spacer.default\">\n\t\t\t\t<div class=\"elementor-widget-container\">\n\t\t\t\t\t\t\t<div class=\"elementor-spacer\">\n\t\t\t<div class=\"elementor-spacer-inner\"><\/div>\n\t\t<\/div>\n\t\t\t\t\t\t<\/div>\n\t\t\t\t<\/div>\n\t\t\t\t<section class=\"elementor-section elementor-inner-section elementor-element elementor-element-666795b elementor-section-boxed elementor-section-height-default elementor-section-height-default\" data-id=\"666795b\" data-element_type=\"section\" data-e-type=\"section\">\n\t\t\t\t\t\t<div class=\"elementor-container elementor-column-gap-default\">\n\t\t\t\t\t<div class=\"elementor-column elementor-col-50 elementor-inner-column elementor-element elementor-element-97eb76d\" data-id=\"97eb76d\" data-element_type=\"column\" data-e-type=\"column\">\n\t\t\t<div class=\"elementor-widget-wrap elementor-element-populated\">\n\t\t\t\t\t\t<div class=\"elementor-element elementor-element-ca41615 elementor-icon-list--layout-traditional elementor-list-item-link-full_width elementor-widget elementor-widget-icon-list\" data-id=\"ca41615\" data-element_type=\"widget\" data-e-type=\"widget\" data-widget_type=\"icon-list.default\">\n\t\t\t\t<div class=\"elementor-widget-container\">\n\t\t\t\t\t\t\t<ul class=\"elementor-icon-list-items\">\n\t\t\t\t\t\t\t<li class=\"elementor-icon-list-item\">\n\t\t\t\t\t\t\t\t\t\t\t<span class=\"elementor-icon-list-icon\">\n\t\t\t\t\t\t\t<i aria-hidden=\"true\" class=\"fas fa-check\"><\/i>\t\t\t\t\t\t<\/span>\n\t\t\t\t\t\t\t\t\t\t<span class=\"elementor-icon-list-text\">Producto<\/span>\n\t\t\t\t\t\t\t\t\t<\/li>\n\t\t\t\t\t\t\t\t<li class=\"elementor-icon-list-item\">\n\t\t\t\t\t\t\t\t\t\t\t<span class=\"elementor-icon-list-icon\">\n\t\t\t\t\t\t\t<i aria-hidden=\"true\" class=\"fas fa-check\"><\/i>\t\t\t\t\t\t<\/span>\n\t\t\t\t\t\t\t\t\t\t<span class=\"elementor-icon-list-text\">Estrategia<\/span>\n\t\t\t\t\t\t\t\t\t<\/li>\n\t\t\t\t\t\t\t\t<li class=\"elementor-icon-list-item\">\n\t\t\t\t\t\t\t\t\t\t\t<span class=\"elementor-icon-list-icon\">\n\t\t\t\t\t\t\t<i aria-hidden=\"true\" class=\"fas fa-check\"><\/i>\t\t\t\t\t\t<\/span>\n\t\t\t\t\t\t\t\t\t\t<span class=\"elementor-icon-list-text\">Innovaci\u00f3n<\/span>\n\t\t\t\t\t\t\t\t\t<\/li>\n\t\t\t\t\t\t\t\t<li class=\"elementor-icon-list-item\">\n\t\t\t\t\t\t\t\t\t\t\t<span class=\"elementor-icon-list-icon\">\n\t\t\t\t\t\t\t<i aria-hidden=\"true\" class=\"fas fa-check\"><\/i>\t\t\t\t\t\t<\/span>\n\t\t\t\t\t\t\t\t\t\t<span class=\"elementor-icon-list-text\">Growth<\/span>\n\t\t\t\t\t\t\t\t\t<\/li>\n\t\t\t\t\t\t<\/ul>\n\t\t\t\t\t\t<\/div>\n\t\t\t\t<\/div>\n\t\t\t\t\t<\/div>\n\t\t<\/div>\n\t\t\t\t<div class=\"elementor-column elementor-col-50 elementor-inner-column elementor-element elementor-element-81db089\" data-id=\"81db089\" data-element_type=\"column\" data-e-type=\"column\">\n\t\t\t<div class=\"elementor-widget-wrap elementor-element-populated\">\n\t\t\t\t\t\t<div class=\"elementor-element elementor-element-4aae8bd elementor-icon-list--layout-traditional elementor-list-item-link-full_width elementor-widget elementor-widget-icon-list\" data-id=\"4aae8bd\" data-element_type=\"widget\" data-e-type=\"widget\" data-widget_type=\"icon-list.default\">\n\t\t\t\t<div class=\"elementor-widget-container\">\n\t\t\t\t\t\t\t<ul class=\"elementor-icon-list-items\">\n\t\t\t\t\t\t\t<li class=\"elementor-icon-list-item\">\n\t\t\t\t\t\t\t\t\t\t\t<span class=\"elementor-icon-list-icon\">\n\t\t\t\t\t\t\t<i aria-hidden=\"true\" class=\"fas fa-check\"><\/i>\t\t\t\t\t\t<\/span>\n\t\t\t\t\t\t\t\t\t\t<span class=\"elementor-icon-list-text\">Storytelling<\/span>\n\t\t\t\t\t\t\t\t\t<\/li>\n\t\t\t\t\t\t\t\t<li class=\"elementor-icon-list-item\">\n\t\t\t\t\t\t\t\t\t\t\t<span class=\"elementor-icon-list-icon\">\n\t\t\t\t\t\t\t<i aria-hidden=\"true\" class=\"fas fa-check\"><\/i>\t\t\t\t\t\t<\/span>\n\t\t\t\t\t\t\t\t\t\t<span class=\"elementor-icon-list-text\">User Experience<\/span>\n\t\t\t\t\t\t\t\t\t<\/li>\n\t\t\t\t\t\t\t\t<li class=\"elementor-icon-list-item\">\n\t\t\t\t\t\t\t\t\t\t\t<span class=\"elementor-icon-list-icon\">\n\t\t\t\t\t\t\t<i aria-hidden=\"true\" class=\"fas fa-check\"><\/i>\t\t\t\t\t\t<\/span>\n\t\t\t\t\t\t\t\t\t\t<span class=\"elementor-icon-list-text\">Marketing<\/span>\n\t\t\t\t\t\t\t\t\t<\/li>\n\t\t\t\t\t\t\t\t<li class=\"elementor-icon-list-item\">\n\t\t\t\t\t\t\t\t\t\t\t<span class=\"elementor-icon-list-icon\">\n\t\t\t\t\t\t\t<i aria-hidden=\"true\" class=\"fas fa-check\"><\/i>\t\t\t\t\t\t<\/span>\n\t\t\t\t\t\t\t\t\t\t<span class=\"elementor-icon-list-text\">Comunidades<\/span>\n\t\t\t\t\t\t\t\t\t<\/li>\n\t\t\t\t\t\t<\/ul>\n\t\t\t\t\t\t<\/div>\n\t\t\t\t<\/div>\n\t\t\t\t\t<\/div>\n\t\t<\/div>\n\t\t\t\t\t<\/div>\n\t\t<\/section>\n\t\t\t\t<div class=\"elementor-element elementor-element-b03d9dd elementor-widget elementor-widget-spacer\" data-id=\"b03d9dd\" data-element_type=\"widget\" data-e-type=\"widget\" data-widget_type=\"spacer.default\">\n\t\t\t\t<div class=\"elementor-widget-container\">\n\t\t\t\t\t\t\t<div class=\"elementor-spacer\">\n\t\t\t<div class=\"elementor-spacer-inner\"><\/div>\n\t\t<\/div>\n\t\t\t\t\t\t<\/div>\n\t\t\t\t<\/div>\n\t\t\t\t<div class=\"elementor-element elementor-element-af5b918 elementor-widget elementor-widget-text-editor\" data-id=\"af5b918\" data-element_type=\"widget\" data-e-type=\"widget\" data-widget_type=\"text-editor.default\">\n\t\t\t\t<div class=\"elementor-widget-container\">\n\t\t\t\t\t\t\t\t\t<p>Consider\u00f3 que una de mis fortalezas es poder pensar transversalmente teniendo en cuenta distintas areas del negocio, tanto a largo como corto plazo.<\/p><p>Tengo experiencia en el desarrollo de productos de tecnolog\u00eda, creaci\u00f3n de programas educativos, dise\u00f1o UX, entrevista con usuarios, investigaci\u00f3n, construcci\u00f3n de narrativas de la ms marcas, desarrollo de comunidades y su engagement.<\/p>\t\t\t\t\t\t\t\t<\/div>\n\t\t\t\t<\/div>\n\t\t\t\t<div class=\"elementor-element elementor-element-ca75c27 elementor-widget elementor-widget-spacer\" data-id=\"ca75c27\" data-element_type=\"widget\" data-e-type=\"widget\" data-widget_type=\"spacer.default\">\n\t\t\t\t<div class=\"elementor-widget-container\">\n\t\t\t\t\t\t\t<div class=\"elementor-spacer\">\n\t\t\t<div class=\"elementor-spacer-inner\"><\/div>\n\t\t<\/div>\n\t\t\t\t\t\t<\/div>\n\t\t\t\t<\/div>\n\t\t\t\t<div class=\"elementor-element elementor-element-cc75065 elementor-widget elementor-widget-spacer\" data-id=\"cc75065\" data-element_type=\"widget\" data-e-type=\"widget\" data-widget_type=\"spacer.default\">\n\t\t\t\t<div class=\"elementor-widget-container\">\n\t\t\t\t\t\t\t<div class=\"elementor-spacer\">\n\t\t\t<div class=\"elementor-spacer-inner\"><\/div>\n\t\t<\/div>\n\t\t\t\t\t\t<\/div>\n\t\t\t\t<\/div>\n\t\t\t\t\t<\/div>\n\t\t<\/div>\n\t\t\t\t\t<\/div>\n\t\t<\/section>\n\t\t\t\t<\/div>\n\t\t","protected":false},"excerpt":{"rendered":"<p>\u00c1reas de expertise En mi camino como emprendedora enfrent\u00e9 distintos tipos de desaf\u00edos que me impulsaron a desarrollar distintas habilidades. Y tambi\u00e9n, [&hellip;]<\/p>\n","protected":false},"author":1,"featured_media":0,"parent":0,"menu_order":0,"comment_status":"closed","ping_status":"closed","template":"","meta":{"_coblocks_attr":"","_coblocks_dimensions":"","_coblocks_responsive_height":"","_coblocks_accordion_ie_support":"","footnotes":""},"class_list":["post-838","page","type-page","status-publish","hentry"],"yoast_head":"<!-- This site is optimized with the Yoast SEO plugin v23.0 - https:\/\/yoast.com\/wordpress\/plugins\/seo\/ -->\n<title>Areas de expertise - Vero Silva<\/title>\n<meta name=\"robots\" content=\"index, follow, max-snippet:-1, max-image-preview:large, max-video-preview:-1\" \/>\n<link rel=\"canonical\" href=\"https:\/\/verosilva.com\/?page_id=838\" \/>\n<meta property=\"og:locale\" content=\"es_ES\" \/>\n<meta property=\"og:type\" content=\"article\" \/>\n<meta property=\"og:title\" content=\"Areas de expertise - Vero Silva\" \/>\n<meta property=\"og:description\" content=\"\u00c1reas de expertise En mi camino como emprendedora enfrent\u00e9 distintos tipos de desaf\u00edos que me impulsaron a desarrollar distintas habilidades. Y tambi\u00e9n, [&hellip;]\" \/>\n<meta property=\"og:url\" content=\"https:\/\/verosilva.com\/?page_id=838\" \/>\n<meta property=\"og:site_name\" content=\"Vero Silva\" \/>\n<meta property=\"article:modified_time\" content=\"2023-05-27T16:49:13+00:00\" \/>\n<meta property=\"og:image\" content=\"http:\/\/verosilva.com\/wp-content\/uploads\/2023\/03\/verosapiens__a_team_led_by_a_woman_working_together_to_find_a_s_2de6bc03-7be2-48ef-ae3a-26e62abfafdd.png\" \/>\n<meta name=\"twitter:card\" content=\"summary_large_image\" \/>\n<meta name=\"twitter:label1\" content=\"Tiempo de lectura\" \/>\n\t<meta name=\"twitter:data1\" content=\"1 minuto\" \/>\n<script type=\"application\/ld+json\" class=\"yoast-schema-graph\">{\"@context\":\"https:\/\/schema.org\",\"@graph\":[{\"@type\":\"WebPage\",\"@id\":\"https:\/\/verosilva.com\/?page_id=838\",\"url\":\"https:\/\/verosilva.com\/?page_id=838\",\"name\":\"Areas de expertise - Vero Silva\",\"isPartOf\":{\"@id\":\"https:\/\/verosilva.com\/#website\"},\"primaryImageOfPage\":{\"@id\":\"https:\/\/verosilva.com\/?page_id=838#primaryimage\"},\"image\":{\"@id\":\"https:\/\/verosilva.com\/?page_id=838#primaryimage\"},\"thumbnailUrl\":\"http:\/\/verosilva.com\/wp-content\/uploads\/2023\/03\/verosapiens__a_team_led_by_a_woman_working_together_to_find_a_s_2de6bc03-7be2-48ef-ae3a-26e62abfafdd.png\",\"datePublished\":\"2023-03-29T04:29:23+00:00\",\"dateModified\":\"2023-05-27T16:49:13+00:00\",\"breadcrumb\":{\"@id\":\"https:\/\/verosilva.com\/?page_id=838#breadcrumb\"},\"inLanguage\":\"es\",\"potentialAction\":[{\"@type\":\"ReadAction\",\"target\":[\"https:\/\/verosilva.com\/?page_id=838\"]}]},{\"@type\":\"ImageObject\",\"inLanguage\":\"es\",\"@id\":\"https:\/\/verosilva.com\/?page_id=838#primaryimage\",\"url\":\"https:\/\/verosilva.com\/wp-content\/uploads\/2023\/03\/verosapiens__a_team_led_by_a_woman_working_together_to_find_a_s_2de6bc03-7be2-48ef-ae3a-26e62abfafdd.png\",\"contentUrl\":\"https:\/\/verosilva.com\/wp-content\/uploads\/2023\/03\/verosapiens__a_team_led_by_a_woman_working_together_to_find_a_s_2de6bc03-7be2-48ef-ae3a-26e62abfafdd.png\",\"width\":385,\"height\":385},{\"@type\":\"BreadcrumbList\",\"@id\":\"https:\/\/verosilva.com\/?page_id=838#breadcrumb\",\"itemListElement\":[{\"@type\":\"ListItem\",\"position\":1,\"name\":\"Portada\",\"item\":\"https:\/\/verosilva.com\/\"},{\"@type\":\"ListItem\",\"position\":2,\"name\":\"Areas de expertise\"}]},{\"@type\":\"WebSite\",\"@id\":\"https:\/\/verosilva.com\/#website\",\"url\":\"https:\/\/verosilva.com\/\",\"name\":\"Vero Silva\",\"description\":\"qui\u00e9n soy\",\"publisher\":{\"@id\":\"https:\/\/verosilva.com\/#organization\"},\"potentialAction\":[{\"@type\":\"SearchAction\",\"target\":{\"@type\":\"EntryPoint\",\"urlTemplate\":\"https:\/\/verosilva.com\/?s={search_term_string}\"},\"query-input\":\"required name=search_term_string\"}],\"inLanguage\":\"es\"},{\"@type\":\"Organization\",\"@id\":\"https:\/\/verosilva.com\/#organization\",\"name\":\"Vero Silva\",\"url\":\"https:\/\/verosilva.com\/\",\"logo\":{\"@type\":\"ImageObject\",\"inLanguage\":\"es\",\"@id\":\"https:\/\/verosilva.com\/#\/schema\/logo\/image\/\",\"url\":\"https:\/\/verosilva.com\/wp-content\/uploads\/2023\/03\/Logo-5.png\",\"contentUrl\":\"https:\/\/verosilva.com\/wp-content\/uploads\/2023\/03\/Logo-5.png\",\"width\":181,\"height\":181,\"caption\":\"Vero Silva\"},\"image\":{\"@id\":\"https:\/\/verosilva.com\/#\/schema\/logo\/image\/\"}}]}<\/script>\n<!-- \/ Yoast SEO plugin. -->","yoast_head_json":{"title":"Areas de expertise - Vero Silva","robots":{"index":"index","follow":"follow","max-snippet":"max-snippet:-1","max-image-preview":"max-image-preview:large","max-video-preview":"max-video-preview:-1"},"canonical":"https:\/\/verosilva.com\/?page_id=838","og_locale":"es_ES","og_type":"article","og_title":"Areas de expertise - Vero Silva","og_description":"\u00c1reas de expertise En mi camino como emprendedora enfrent\u00e9 distintos tipos de desaf\u00edos que me impulsaron a desarrollar distintas habilidades. Y tambi\u00e9n, [&hellip;]","og_url":"https:\/\/verosilva.com\/?page_id=838","og_site_name":"Vero Silva","article_modified_time":"2023-05-27T16:49:13+00:00","og_image":[{"url":"http:\/\/verosilva.com\/wp-content\/uploads\/2023\/03\/verosapiens__a_team_led_by_a_woman_working_together_to_find_a_s_2de6bc03-7be2-48ef-ae3a-26e62abfafdd.png"}],"twitter_card":"summary_large_image","twitter_misc":{"Tiempo de lectura":"1 minuto"},"schema":{"@context":"https:\/\/schema.org","@graph":[{"@type":"WebPage","@id":"https:\/\/verosilva.com\/?page_id=838","url":"https:\/\/verosilva.com\/?page_id=838","name":"Areas de expertise - Vero Silva","isPartOf":{"@id":"https:\/\/verosilva.com\/#website"},"primaryImageOfPage":{"@id":"https:\/\/verosilva.com\/?page_id=838#primaryimage"},"image":{"@id":"https:\/\/verosilva.com\/?page_id=838#primaryimage"},"thumbnailUrl":"http:\/\/verosilva.com\/wp-content\/uploads\/2023\/03\/verosapiens__a_team_led_by_a_woman_working_together_to_find_a_s_2de6bc03-7be2-48ef-ae3a-26e62abfafdd.png","datePublished":"2023-03-29T04:29:23+00:00","dateModified":"2023-05-27T16:49:13+00:00","breadcrumb":{"@id":"https:\/\/verosilva.com\/?page_id=838#breadcrumb"},"inLanguage":"es","potentialAction":[{"@type":"ReadAction","target":["https:\/\/verosilva.com\/?page_id=838"]}]},{"@type":"ImageObject","inLanguage":"es","@id":"https:\/\/verosilva.com\/?page_id=838#primaryimage","url":"https:\/\/verosilva.com\/wp-content\/uploads\/2023\/03\/verosapiens__a_team_led_by_a_woman_working_together_to_find_a_s_2de6bc03-7be2-48ef-ae3a-26e62abfafdd.png","contentUrl":"https:\/\/verosilva.com\/wp-content\/uploads\/2023\/03\/verosapiens__a_team_led_by_a_woman_working_together_to_find_a_s_2de6bc03-7be2-48ef-ae3a-26e62abfafdd.png","width":385,"height":385},{"@type":"BreadcrumbList","@id":"https:\/\/verosilva.com\/?page_id=838#breadcrumb","itemListElement":[{"@type":"ListItem","position":1,"name":"Portada","item":"https:\/\/verosilva.com\/"},{"@type":"ListItem","position":2,"name":"Areas de expertise"}]},{"@type":"WebSite","@id":"https:\/\/verosilva.com\/#website","url":"https:\/\/verosilva.com\/","name":"Vero Silva","description":"qui\u00e9n soy","publisher":{"@id":"https:\/\/verosilva.com\/#organization"},"potentialAction":[{"@type":"SearchAction","target":{"@type":"EntryPoint","urlTemplate":"https:\/\/verosilva.com\/?s={search_term_string}"},"query-input":"required name=search_term_string"}],"inLanguage":"es"},{"@type":"Organization","@id":"https:\/\/verosilva.com\/#organization","name":"Vero Silva","url":"https:\/\/verosilva.com\/","logo":{"@type":"ImageObject","inLanguage":"es","@id":"https:\/\/verosilva.com\/#\/schema\/logo\/image\/","url":"https:\/\/verosilva.com\/wp-content\/uploads\/2023\/03\/Logo-5.png","contentUrl":"https:\/\/verosilva.com\/wp-content\/uploads\/2023\/03\/Logo-5.png","width":181,"height":181,"caption":"Vero Silva"},"image":{"@id":"https:\/\/verosilva.com\/#\/schema\/logo\/image\/"}}]}},"_links":{"self":[{"href":"https:\/\/verosilva.com\/index.php?rest_route=\/wp\/v2\/pages\/838"}],"collection":[{"href":"https:\/\/verosilva.com\/index.php?rest_route=\/wp\/v2\/pages"}],"about":[{"href":"https:\/\/verosilva.com\/index.php?rest_route=\/wp\/v2\/types\/page"}],"author":[{"embeddable":true,"href":"https:\/\/verosilva.com\/index.php?rest_route=\/wp\/v2\/users\/1"}],"replies":[{"embeddable":true,"href":"https:\/\/verosilva.com\/index.php?rest_route=%2Fwp%2Fv2%2Fcomments&post=838"}],"version-history":[{"count":49,"href":"https:\/\/verosilva.com\/index.php?rest_route=\/wp\/v2\/pages\/838\/revisions"}],"predecessor-version":[{"id":1295,"href":"https:\/\/verosilva.com\/index.php?rest_route=\/wp\/v2\/pages\/838\/revisions\/1295"}],"wp:attachment":[{"href":"https:\/\/verosilva.com\/index.php?rest_route=%2Fwp%2Fv2%2Fmedia&parent=838"}],"curies":[{"name":"wp","href":"https:\/\/api.w.org\/{rel}","templated":true}]}}